 the prime factors of w(-3).
2, 3, 29
Let h(k) = -k**3 + 6*k**2 + k - 2. Let v be h(3). Suppose -185 = -109*s + 114*s. Let l = v - s. List the prime factors of l.
5, 13
Suppose 3*d - 4 = d, 0 = -2*n - 4*d + 14. Suppose 2*w - n*a + 12 = -0*a, a - 24 = 4*w. What are the prime factors of (-18 - (w + 12/4))*-7?
3, 5, 7
Suppose 4*y + 8 - 32 = 0, 4*j - 3*y - 58842 = 0. What are the prime factors of j?
3, 5, 109
Suppose 3*c - 4*p = 101, 2*c - 119 + 29 = -3*p. Suppose -12*i + 3297 = -c. List the prime factors of i.
2, 139
Let l(r) = r**3 + 3*r**2 - 53*r - 42. What are the prime factors of l(22)?
2, 7, 389
Let t(c) = 0*c**3 + 2 + 0 - 3*c**2 + c**3 + 4*c - 6. Let y be t(2). Suppose -2*p + 207 + 99 = y. List the prime factors of p.
3, 17
Let w(q) = 35 - q - 14*q - 16*q. List the prime factors of w(-12).
11, 37
Let d(w) = 10*w + 65. Let k(m) = m**3 + 27*m**2 - 58*m + 7. Let z be k(-29). List the prime factors of d(z).
3, 5
Suppose -3684 = 4*d - 28428. Suppose 28*v - d - 15934 = 0. List the prime factors of v.
2, 5, 79
Let q(w) = -w**3 - 3*w**2 - 3*w. Let b be q(-2). Let y be (b - 3) + -1 - -2. Suppose 8*k + 106 - 1298 = y. What are the prime factors of k?
149
Let y(s) = -5*s**2 + 3*s + 14. Let p(q) = -4*q**2 + 2*q + 13. Let n(m) = 6*p(m) - 5*y(m). What are the prime factors of n(-18)?
2, 193
Let i(d) = -27*d**3 - 130*d**2 - 24*d - 32. List the prime factors of i(-13).
3, 37, 113
Suppose 5*c - 3*d + 2587 = -6*d, 2*c + 5*d + 1050 = 0. Let m = c + 1251. What are the prime factors of m?
2, 23
Let z(w) = -6*w + 12. Let g be z(-3). Let k be (g/2)/((-9)/(-12)). Let f = k + 2. List the prime factors of f.
2, 11
Let i(y) = -1072*y - 2115. List the prime factors of i(-5).
5, 11, 59
Suppose 308 + 758 = 13*u. Suppose -2*n + 880 = 5*a, u + 615 = 4*a + 3*n. What are the prime factors of a?
2, 89
Suppose 0 = 37*c - 38*c + 61. Let o = c - 58. Suppose o*s = -2*l + 358, 0 = -5*s + 3*s + 4. List the prime factors of l.
2, 11
Suppose -513*d - 4*n - 4542 = -514*d, 2*d = n + 9126. What are the prime factors of d?
2, 3, 761
Suppose 5*z = 4*d + 43855, -162 = -2*z - d + 17393. Suppose -26*u + z = -13*u. List the prime factors of u.
3, 5
Suppose -10*k + 6*k = 0. Let y = 1754 + -1004. Suppose k*s + y = 4*s + i, -195 = -s - 4*i. What are the prime factors of s?
11, 17
Let w(z) = -z**3 - 2*z**2 + z - 1. Let r = -1 + -2. Let p be w(r). Suppose 0 = -2*t - q + 5 + p, 0 = -q - 2. List the prime factors of t.
2, 3
Let c(g) = 144*g - 44 - 47 + 96. Let y be c(3). What are the prime factors of (9/2)/9 + y/2?
3, 73
Let n = -17606 + 48205. What are the prime factors of n?
37, 827
Let c(z) = 9*z + 445 + 15*z - 456. Let t be c(3). Suppose 65*l = t*l + 404. What are the prime factors of l?
101
Let z be (-2900)/(-80) + (-2)/8. Let a(x) = 55 - 8*x + 3*x - 50 + z*x. What are the prime factors of a(7)?
2, 3, 37
Let x be (-47)/(-3)*-16 + (-142)/(-213). Let t = 729 + x. What are the prime factors of t?
479
Suppose -11 - 17 = -7*h. Suppose 3*y = -h*k + 1155, 0 = 2*k + 2*y - 520 - 58. List the prime factors of k.
2, 3
Let p(j) = -197*j - 1379. What are the prime factors of p(-92)?
5, 17, 197
Let c be (58/(-8))/(2/8). Suppose 20*k + 223 = 1883. Let h = k + c. List the prime factors of h.
2, 3
Suppose -7*k + 11*k - 152158 = -5*m, -3*m = -5*k + 190142. What are the prime factors of k?
2, 2377
Let o be ((-5)/(-25)*0)/4. Let t(h) = -28*h + 252. What are the prime factors of t(o)?
2, 3, 7
Suppose -11*h + 10*h = 128. Let n = 225 + h. List the prime factors of n.
97
List the prime factors of (-98)/490 + -1*2/(-10)*77001.
2, 5, 7, 11
Suppose -z + 2*v + 71 = -3*v, -151 = -2*z + v. Suppose -4*k + 532 - z = 0. What are the prime factors of k?
2, 3, 19
Suppose 36*f - 396005 = 1280263. What are the prime factors of f?
3, 11, 17, 83
Let k = -69 - -73. What are the prime factors of (834 - 5) + k + (-4)/(-2)?
5, 167
Let n(h) = -36*h**3 - 19*h**2 - 86*h + 8. List the prime factors of n(-9).
7, 11, 331
Let z be (3 + 0)*2036/6. Suppose 4*q - 15 - 998 = -y, -y - 3*q = -z. List the prime factors of y.
1033
Let n be 0 + 56 + (-4 + 0 - 2). List the prime factors of n*120/250*(-15)/(-2).
2, 3, 5
Let b = -2028 - -4518. What are the prime factors of b?
2, 3, 5, 83
What are the prime factors of -87017*(11 - 4)/(-49)?
31, 401
Let i(x) = 35*x - 29. Let y be i(7). Suppose -4*z + y = 5*z. List the prime factors of 8/(z/315) + 3 + -2.
2, 53
Suppose -150*d = -146*d - 16. Let m be 80/15 - (-2)/(-6). Suppose 3*s - m*z = 23 + 285, d*s - 407 = 3*z. List the prime factors of s.
101
Let k(h) = -3426*h + 1162. What are the prime factors of k(-16)?
2, 13, 2153
Suppose 12*l - 34569 = -245 + 59804. List the prime factors of l.
2, 37, 53
Let y be (-2)/(-6) + (-768)/(-72). Suppose 8*o + 1656 = y*o. Suppose 0 = 4*c - 9*c - 3*p + 687, -o = -4*c - 3*p. List the prime factors of c.
3, 5
Let o(m) = -17*m - 48. Let k be o(-3). Suppose -3*v + 3*q = 8*q - 1698, -2864 = -5*v + k*q. What are the prime factors of v?
571
Suppose -4*l + 3*b + 561 = 0, -l - b + 5*b = -137. Suppose -z - 2*z + 3*j = -l, 0 = 3*j + 12. Let w = z - 21. List the prime factors of w.
2, 11
Suppose 18*k = 21 + 51. Suppose 2*a - 4*c = 186, -k*a + 0*c + 5*c = -378. What are the prime factors of a?
97
Suppose -z - 14*z = -166 - 1304. Let c = -310 + 217. Let o = c + z. List the prime factors of o.
5
Let s(r) = r**2 + r + 6. Let b = -24 + 24. Let j be s(b). What are the prime factors of (-664)/j*(-12)/8?
2, 83
What are the prime factors of (7 + (-38)/(-10))/((-4)/(-4960))?
2, 3, 31
Suppose -50*j + 49*j = -42. Let p = 55 - j. Suppose 143 = p*d - 364. What are the prime factors of d?
3, 13
Let l = 16072 + -2165. What are the prime factors of l?
13907
Let f(n) = -21120*n - 742. What are the prime factors of f(-1)?
2, 23, 443
Let k be 18/((-1)/(8/(-12))). Suppose 0 = 10*i - 8*i - k. Let z(y) = 3*y**2 - 12*y - 4. List the prime factors of z(i).
2
Suppose -5*i - 344174 = -22*y + 15*y, -2*i - 245826 = -5*y. What are the prime factors of y?
2, 47, 523
Suppose 4*q - 5*p - 2195 = 6138, -3*p - 15 = 0. Suppose 4*l - q = 2299. List the prime factors of l.
2, 547
Let r(q) = -q**2 + 4*q + 81. Let o be r(-7). Suppose -900 = -11*c - o*c. List the prime factors of c.
2, 3, 5
Let y = -696 - -1790. Suppose -4*f + 2188 = -i + 3*i, 0 = 2*f - 5*i - y. List the prime factors of f.
547
Suppose -s - 22*s = -322. Suppose s*d - 7*d = 4655. List the prime factors of d.
5, 7, 19
Let t(z) = -71*z + 2942. List the prime factors of t(-102).
2, 19, 67
Let q be (-2)/(1*2/(-7)). Suppose 3*i - 1340 - 112 = 0. Suppose -3*l + q*l - i = 0. What are the prime factors of l?
11
Suppose 54*o = 30*o + 402750 + 501906. What are the prime factors of o?
2, 47, 401
Let r = -505 - -533. Suppose 11*j - 3393 = -r*j. What are the prime factors of j?
3, 29
Let i(d) be the third derivative of -d**5/60 + 55*d**4/24 - 109*d**3/3 - 21*d**2. What are the prime factors of i(36)?
2, 233
Suppose -o = -5*m, 5*o = 4*m + 2*o - 11. Let u be (0/(-1))/(m + 3). What are the prime factors of 127 - (1 + u/(-5 + 1))?
2, 3, 7
Let b = 11907 + -7356. List the prime factors of b.
3, 37, 41
Let b = -291 - -268. Let d = b - -212. What are the prime factors of d?
3, 7
Suppose -4*f = -5*n + f + 55, -2*n + f + 17 = 0. Let u be (n/(-5))/((-9)/30*-1). What are the prime factors of u/(6/267*-1)?
2, 89
Let x(b) = -30*b**2 + 2*b - 1. Let v be x(2). Suppose 4*f - 6*f = 5*s - 5, 5*f - 4*s = -70. List the prime factors of (3 - (2 + v/(-15)))*f.
2, 17
Let x = -31035 - -44205. What are the prime factors of x?
2, 3, 5, 439
Let x(v) = 94*v**2 + 85*v**2 + v + 38*v**2 + 1. What are the prime factors of x(-1)?
7, 31
Let p be -8 - (9 + -9) - 4. List the prime factors of (-1064)/p*((-3)/(-3) + 5).
2, 7, 19
Suppose 2 - 12 = -2*x. Suppose -4*u - 17 = -3*t - 66, 0 = -2*u - x*t + 5. Suppose 5*d = -3*v + 154, -d = -4*v - 30 - u. What are the prime factors of d?
2
Suppose 16*g - 48432 = -19*g + 11*g. List the prime factors of g.
2, 1009
Let a(t) = 2172*t - 3582. List the prime factors of a(32).
2, 3, 10987
Let g = -19232 - -36622. List the prime factors of g.
2, 5, 37, 47
Let x(h) = h**3 + 7*h**2 - 14*h + 38. Let q be x(-9). Suppose -q*d + 279 = -1353. List the prime factors of d.
2, 3, 17
What are the prime factors of (-1860126)/(-32) + 18/((-7776)/(-27))?
58129
Suppose -v + 11 - 22 = 0. L